0 (base 5) in base 7?
101
What is 73 (base 11) in base 2?
1010000
Convert adb9 (base 14) to base 11.
20720
What is 241 (base 15) in base 3?
200221
Convert -382 (base 12) to base 14.
-29c
Convert -186 (base 13) to base 7.
-546
What is -21b (base 12) in base 2?
-100110111
What is -658 (base 15) in base 10?
-1433
Convert -24383 (base 12) to base 5.
-3031130
Convert -211102 (base 3) to base 11.
-500
What is -1640 (base 15) in base 9?
-6506
-dd6 (base 15) to base 2
-110000110110
-ce (base 15) to base 16
-c2
Convert 55264 (base 8) to base 11.
1649a
-20211102 (base 3) to base 15
-171e
What is -210021 (base 5) in base 11?
-51a0
501 (base 9) to base 13
253
1115 (base 7) to base 16
194
What is -33123 (base 4) in base 15?
-45c
-1011001100111 (base 2) to base 3
-21212102
What is 11101011 (base 2) in base 13?
151
What is -231301 (base 5) in base 9?
-12371
23121 (base 6) to base 5
101124
What is 58446 (base 9) in base 3?
1222111120
234132 (base 5) to base 10
8667
5302 (base 6) to base 16
4a6
Convert 2132024 (base 5) to base 14.
d442
What is 144340 (base 5) in base 4?
1201030
Convert -52365 (base 7) to base 4.
-3021111
-11122 (base 3) to base 13
-98
Convert 5554 (base 6) to base 11.
a77
What is -7233 (base 10) in base 15?
-2223
3c23 (base 14) to base 9
15504
What is -229c (base 13) in base 6?
-34301
What is -330230 (base 4) in base 7?
-14216
What is -1321 (base 16) in base 11?
-3752
Convert 10001001001 (base 2) to base 13.
665
Convert -12550 (base 7) to base 14.
-1327
What is 56aa (base 16) in base 6?
250414
-353 (base 7) to base 2
-10111001
Convert -4479 (base 11) to base 8.
-13406
What is 4214 (base 9) in base 10?
3091
What is 23553 (base 7) in base 12?
3656
What is -22012022 (base 3) in base 15?
-1b85
What is 100120113 (base 4) in base 16?
10617
Convert -2be (base 16) to base 14.
-382
-36364 (base 8) to base 7
-63331
What is -a21c (base 14) in base 10?
-27858
101110001000 (base 2) to base 4
232020
Convert -110 (base 16) to base 8.
-420
Convert -125 (base 8) to base 6.
-221
796 (base 11) to base 12
674
-1010010 (base 3) to base 14
-421
-c11 (base 16) to base 8
-6021
What is 10210012 (base 3) in base 5?
42014
What is 4631 (base 7) in base 13?
9cb
Convert -110011110 (base 2) to base 6.
-1530
What is 111012121 (base 3) in base 5?
302003
-301023 (base 7) to base 10
-50781
What is 11110111 (base 2) in base 11?
205
Convert -1111111100 (base 2) to base 6.
-4420
Convert 322 (base 10) to base 6.
1254
What is 3526 (base 7) in base 4?
110032
What is -6a1b (base 13) in base 7?
-61300
Convert 137 (base 15) to base 7.
544
Convert -17123 (base 9) to base 3.
-121010210
Convert 144322 (base 5) to base 12.
3718
-230403 (base 5) to base 11
-6200
What is 106326 (base 7) in base 10?
19032
Convert -13010 (base 11) to base 15.
-57d0
What is -7062 (base 10) in base 12?
-4106
Convert -110011111 (base 2) to base 15.
-1ca
Convert 1450 (base 7) to base 5.
4244
Convert -280 (base 10) to base 3.
-101101
Convert 12233021 (base 4) to base 3.
1101211222
What is -111110 (base 3) in base 8?
-553
314 (base 8) to base 11
176
Convert 227 (base 12) to base 14.
18b
What is -567 (base 14) in base 4?
-100233
-33 (base 16) to base 12
-43
What is 31780 (base 9) in base 2?
101001000111011
What is 223003 (base 4) in base 15?
c3a
Convert -45 (base 6) to base 9.
-32
What is 1011110001011001 (base 2) in base 10?
48217
Convert -c65 (base 15) to base 4.
-223223
What is -1203 (base 8) in base 14?
-33d
What is 9005 (base 16) in base 11?
25778
-34 (base 16) to base 6
-124
What is -121213 (base 4) in base 6?
-11331
What is -156413 (base 7) in base 2?
-111100101100100
Convert 1310 (base 5) to base 15.
da
Convert 10190 (base 10) to base 7.
41465
-24ab8 (base 12) to base 5
-3044324
Convert -7966 (base 12) to base 9.
-20426
Convert 2314 (base 5) to base 15.
174
Convert 1228 (base 10) to base 7.
3403
-2150 (base 7) to base 16
-302
2c4 (base 16) to base 2
1011000100
-706b (base 14) to base 12
-b207
Convert 976 (base 12) to base 10.
1386
What is -11614 (base 10) in base 15?
-3694
210303 (base 5) to base 4
1230221
What is -1120020 (base 3) in base 11?
-947
11001110111 (base 2) to base 9
2238
What is -1210210 (base 3) in base 13?
-7a4
Convert 29d (base 14) to base 8.
1023
Convert 311002 (base 4) to base 3.
11122201
Convert 196 (base 16) to base 5.
3111
Convert -296 (base 12) to base 3.
-112220
Convert -432122 (base 6) to base 10.
-35474
Convert 1084 (base 13) to base 6.
14401
-14109 (base 10) to base 8
-33435
What is a59 (base 12) in base 8?
2745
-10 (base 4) to base 3
-11
What is 80 (base 12) in base 2?
1100000
Convert -111 (base 5) to base 11.
-29
What is 3569 (base 16) in base 13?
62ba
What is 1a0c (base 14) in base 7?
16515
Convert -1c3cb (base 14) to base 12.
-35893
Convert -1014341 (base 6) to base 16.
-bf35
What is -750 (base 13) in base 10?
-1248
-15243 (base 8) to base 7
-25611
-4355 (base 7) to base 2
-11000010111
993 (base 15) to base 9
2863
-1100010011100000 (base 2) to base 14
-14520
What is 8301 (base 9) in base 15?
1c01
Convert 121522 (base 6) to base 7.
43265
What is 2101011001 (base 3) in base 13?
18394
What is 26151 (base 7) in base 9?
10466
What is 1345 (base 11) in base 10?
1743
1424 (base 10) to base 7
4103
What is -1894c (base 14) in base 16?
-f2f8
What is 450 (base 10) in base 13?
288
Convert -4024 (base 5) to base 7.
-1333
101101000010 (base 2) to base 5
43012
-104034 (base 5) to base 3
-11222222
60420 (base 8) to base 5
1243343
What is 2a69 (base 11) in base 2?
111101101011
Convert -1001111011 (base 2) to base 16.
-27b
-534 (base 8) to base 15
-183
-11626 (base 12) to base 2
-101101100111110
What is 10211 (base 4) in base 13?
197
What is -1843 (base 13) in base 14?
-1456
Convert 15d4 (base 14) to base 12.
231a
-100101101110000 (base 2) to base 12
-b214
Convert -7472 (base 10) to base 11.
-5683
What is -4002 (base 5) in base 15?
-237
Convert dcf (base 16) to base 7.
13210
What is 2120033 (base 4) in base 9?
14325
-2021110 (base 4) to base 2
-10001001010100
What is -317 (base 12) in base 3?
-121201
-1111110001 (base 2) to base 15
-474
-101301303 (base 4) to base 11
-4a78a
Convert 12805 (base 14) to base 6.
550313
What is 2001 (base 9) in base 2?
10110110011
Convert -524 (base 7) to base 3.
-100202
-7447 (base 8) to base 12
-22b3
53127 (base 8) to base 15
6838
What is -32431 (base 8) in base 2?
-11010100011001
544 (base 8) to base 16
164
What is -9511 (base 12) in base 15?
-4c5a
-3719 (base 10) to base 13
-1901
Convert bd1 (base 16) to base 9.
4131
-3324 (base 6) to base 8
-1404
511b (base 13) to base 9
16300
-16c1 (base 14) to base 15
-1329
Convert -205 (base 10) to base 6.
-541
What is -122222010 (base 3) in base 12?
-76b6
What is 101024 (base 6) in base 3?
101222121
What is -1022020 (base 3) in base 8?
-1667
Convert 118b (base 13) to base 3.
10101220
-a92 (base 15) to base 4
-211103
-85 (base 14) to base 11
-a7
-2023022 (base 4) to base 9
-13185
Convert 9367 (base 12) to base 4.
3322333
What is 453 (base 7) in base 6?
1030
What is -19912 (base 10) in base 14?
-7384
What is -3225 (base 6) in base 8?
-1341
Convert 2120212 (base 3) to base 8.
3536
Convert -7d94 (base 14) to base 10.
-21886
What is 30575 (base 9) in base 5?
1121111
13606 (base 8) to base 14
22a2
58e9 (base 15) to base 5
1101034
Convert 11120001 (base 3) to base 4.
303322
What is 2210433 (base 5) in base 14?
dd19
Convert -3147 (base 8) to base 16.
-667
Convert 2a0 (base 11) to base 2.
101100000
621 (base 9) to base 16
1f9
5d18 (base 14) to base 2
11111110100010
3b5 (base 13) to base 9
807
212333 (base 4) to base 9
3372
Convert 215 (base 10) to base 2.
11010111
-663 (base 8) to base 3
-121010
22130 (base 6) to base 12
1946
What is 203032 (base 4) in base 6?
14234
What is 212005 (base 6) in base 13?
7b38
-2544 (base 6) to base 16
-280
What is 5ee6 (base 15) in base 4?
10330101
71168 (base 9) to base 15
dcee
Convert -20201033 (base 4) to base 10.
-34895
-3842 (base 13) to base 16
-1f3d
What is -1656 (base 12) in base 9?
-3573
What is -1125 (base 7) in base 4?
-12123
-22000 (base 7) to base 10
-5488
-3974 (base 11) to base 5
-131123
Convert -21674 (base 8) to base 9.
-13484
Convert -20023 (base 4) to base 5.
-4043
Convert -16500 (base 8) to base 3.
-101021100
Convert -487 (base 15) to base 14.
-535
Convert -10100111001 (base 2) to 